{"id":34,"date":"2019-04-11T17:11:44","date_gmt":"2019-04-11T15:11:44","guid":{"rendered":"https:\/\/www.xn--stosswellenzentrum-niedersterreich-znd.at\/?page_id=34"},"modified":"2023-03-29T18:04:20","modified_gmt":"2023-03-29T16:04:20","slug":"team","status":"publish","type":"page","link":"https:\/\/www.xn--stosswellenzentrum-niedersterreich-znd.at\/?page_id=34","title":{"rendered":"Team"},"content":{"rendered":"\t\t<div data-elementor-type=\"wp-post\" data-elementor-id=\"34\" class=\"elementor elementor-34\" data-elementor-settings=\"[]\">\n\t\t\t\t\t\t<div class=\"elementor-inner\">\n\t\t\t\t\t\t\t<div class=\"elementor-section-wrap\">\n\t\t\t\t\t\t\t<section class=\"elementor-section elementor-top-section elementor-element elementor-element-1477409 elementor-section-full_width elementor-section-height-min-height elementor-section-content-middle elementor-section-height-default elementor-section-items-middle\" data-id=\"1477409\" data-element_type=\"section\" data-settings=\"{&quot;background_background&quot;:&quot;classic&quot;}\">\n\t\t\t\t\t\t<div class=\"elementor-container elementor-column-gap-no\">\n\t\t\t\t\t\t\t<div class=\"elementor-row\">\n\t\t\t\t\t<div class=\"elementor-column elementor-col-100 elementor-top-column elementor-element elementor-element-c1fd8fc\" data-id=\"c1fd8fc\" data-element_type=\"column\">\n\t\t\t<div class=\"elementor-column-wrap elementor-element-populated\">\n\t\t\t\t\t\t\t<div class=\"elementor-widget-wrap\">\n\t\t\t\t\t\t\t\t<\/div>\n\t\t\t\t\t<\/div>\n\t\t<\/div>\n\t\t\t\t\t\t\t\t<\/div>\n\t\t\t\t\t<\/div>\n\t\t<\/section>\n\t\t\t\t<section class=\"elementor-section elementor-top-section elementor-element elementor-element-3c9da67 elementor-section-full_width elementor-section-height-min-height elementor-section-height-default elementor-section-items-middle\" data-id=\"3c9da67\" data-element_type=\"section\" data-settings=\"{&quot;background_background&quot;:&quot;classic&quot;}\">\n\t\t\t\t\t\t<div class=\"elementor-container elementor-column-gap-no\">\n\t\t\t\t\t\t\t<div class=\"elementor-row\">\n\t\t\t\t\t<div class=\"elementor-column elementor-col-100 elementor-top-column elementor-element elementor-element-5f71774\" data-id=\"5f71774\" data-element_type=\"column\">\n\t\t\t<div class=\"elementor-column-wrap elementor-element-populated\">\n\t\t\t\t\t\t\t<div class=\"elementor-widget-wrap\">\n\t\t\t\t\t\t<div class=\"elementor-element elementor-element-24333f2 elementor-widget elementor-widget-heading\" data-id=\"24333f2\" data-element_type=\"widget\" data-widget_type=\"heading.default\">\n\t\t\t\t<div class=\"elementor-widget-container\">\n\t\t\t<h3 class=\"elementor-heading-title elementor-size-large\">Team<\/h3>\t\t<\/div>\n\t\t\t\t<\/div>\n\t\t\t\t<section class=\"elementor-section elementor-inner-section elementor-element elementor-element-99a81ec elementor-reverse-mobile elementor-section-height-min-height elementor-section-full_width elementor-section-height-default\" data-id=\"99a81ec\" data-element_type=\"section\">\n\t\t\t\t\t\t<div class=\"elementor-container elementor-column-gap-no\">\n\t\t\t\t\t\t\t<div class=\"elementor-row\">\n\t\t\t\t\t<div class=\"elementor-column elementor-col-50 elementor-inner-column elementor-element elementor-element-a029eba\" data-id=\"a029eba\" data-element_type=\"column\">\n\t\t\t<div class=\"elementor-column-wrap elementor-element-populated\">\n\t\t\t\t\t\t\t<div class=\"elementor-widget-wrap\">\n\t\t\t\t\t\t<div class=\"elementor-element elementor-element-af2d0d6 elementor-widget elementor-widget-image\" data-id=\"af2d0d6\" data-element_type=\"widget\" data-widget_type=\"image.default\">\n\t\t\t\t<div class=\"elementor-widget-container\">\n\t\t\t\t\t\t\t\t<div class=\"elementor-image\">\n\t\t\t\t\t\t\t\t\t\t\t\t<img loading=\"lazy\" decoding=\"async\" width=\"1800\" height=\"2251\" src=\"https:\/\/www.xn--stosswellenzentrum-niedersterreich-znd.at\/wp-content\/uploads\/2023\/03\/Dr.-Markus-Braun_1-23.jpg\" class=\"attachment-full size-full\" alt=\"\" srcset=\"https:\/\/www.xn--stosswellenzentrum-niedersterreich-znd.at\/wp-content\/uploads\/2023\/03\/Dr.-Markus-Braun_1-23.jpg 1800w, https:\/\/www.xn--stosswellenzentrum-niedersterreich-znd.at\/wp-content\/uploads\/2023\/03\/Dr.-Markus-Braun_1-23-240x300.jpg 240w, https:\/\/www.xn--stosswellenzentrum-niedersterreich-znd.at\/wp-content\/uploads\/2023\/03\/Dr.-Markus-Braun_1-23-819x1024.jpg 819w, https:\/\/www.xn--stosswellenzentrum-niedersterreich-znd.at\/wp-content\/uploads\/2023\/03\/Dr.-Markus-Braun_1-23-768x960.jpg 768w, https:\/\/www.xn--stosswellenzentrum-niedersterreich-znd.at\/wp-content\/uploads\/2023\/03\/Dr.-Markus-Braun_1-23-1228x1536.jpg 1228w, https:\/\/www.xn--stosswellenzentrum-niedersterreich-znd.at\/wp-content\/uploads\/2023\/03\/Dr.-Markus-Braun_1-23-1638x2048.jpg 1638w\" sizes=\"auto, (max-width: 1800px) 100vw, 1800px\" \/>\t\t\t\t\t\t\t\t\t\t\t\t\t\t<\/div>\n\t\t\t\t\t\t<\/div>\n\t\t\t\t<\/div>\n\t\t\t\t\t\t<\/div>\n\t\t\t\t\t<\/div>\n\t\t<\/div>\n\t\t\t\t<div class=\"elementor-column elementor-col-50 elementor-inner-column elementor-element elementor-element-d0eac45\" data-id=\"d0eac45\" data-element_type=\"column\">\n\t\t\t<div class=\"elementor-column-wrap elementor-element-populated\">\n\t\t\t\t\t\t\t<div class=\"elementor-widget-wrap\">\n\t\t\t\t\t\t<div class=\"elementor-element elementor-element-f7c07eb elementor-widget elementor-widget-heading\" data-id=\"f7c07eb\" data-element_type=\"widget\" data-widget_type=\"heading.default\">\n\t\t\t\t<div class=\"elementor-widget-container\">\n\t\t\t<h2 class=\"elementor-heading-title elementor-size-large\">Dr. Markus Braun<\/h2>\t\t<\/div>\n\t\t\t\t<\/div>\n\t\t\t\t<div class=\"elementor-element elementor-element-5e7e785 elementor-widget elementor-widget-text-editor\" data-id=\"5e7e785\" data-element_type=\"widget\" data-widget_type=\"text-editor.default\">\n\t\t\t\t<div class=\"elementor-widget-container\">\n\t\t\t\t\t\t\t\t<div class=\"elementor-text-editor elementor-clearfix\">\n\t\t\t\t\t<div id=\"id19\" class=\"style_SkipStroke_1 shape-with-text\"><div class=\"text-content style_External_626_176\"><div class=\"style\"><p>Geb. 31.8.1969 in Ybbs an der Donau<\/p><p>1975-1979\u00a0\u00a0 Volksschule Marbach an der Donau<\/p><p class=\"paragraph_style_7\">1979-1983\u00a0\u00a0 Hauptschule P\u00f6chlarn<\/p><p class=\"paragraph_style_7\">1983-1984\u00a0\u00a0 Polytechnikum P\u00f6chlarn<\/p><p class=\"paragraph_style_7\">1984-1988\u00a0\u00a0 Krankenpflegeschule AKH-Wien<\/p><p class=\"paragraph_style_7\">1988-1994\u00a0 \u00a0Diplomierter Krankenpfleger\u00a0<span style=\"font-size: 17px; letter-spacing: 0.9px;\">Intensivstation\u00a0<\/span><span style=\"font-size: 17px; letter-spacing: 0.9px;\">IV-Med AKH Wien<\/span><\/p><p class=\"paragraph_style_7\">1990-1994\u00a0\u00a0 Abendlehrgang Maturaschule Humboldt<\/p><p class=\"paragraph_style_7\">1994-2000\u00a0\u00a0 Medizinstudium Universit\u00e4t Wien<\/p><p class=\"paragraph_style_7\">2000-2001\u00a0\u00a0 Turnusarztausbildung KH Amstetten<\/p><p class=\"paragraph_style_7\">2001-2007 \u00a0 Facharztausbildung Unfallchirurgie KH Amstetten<\/p><p class=\"paragraph_style_7\">2007-2015 \u00a0 Oberarzt an der Unfallchirurgie KH Amstetten<\/p><p>seit 2016 Oberarzt am Fachschwerpunkt Orthop\u00e4die u.Traumatologie Unfallchirurgie LK Waidhofen\/Ybbs<\/p><p>Aufbau und Leitung der Sto\u00dfwellenambulanz im LK Amstetten<\/p><\/div><\/div><\/div><div id=\"id21\" class=\"style_SkipStroke_1 shape-with-text\"><div class=\"text-content style_External_770_20\"><div class=\"style\"><p class=\"paragraph_style_7\">Langj\u00e4hrige Erfahrung (seit 2007) mit der Sto\u00dfwellentherapie bei unterschiedlichen Beschwerdebildern<\/p><\/div><\/div><\/div><div id=\"id22\" class=\"style_SkipStroke_1 shape-with-text\"><div class=\"text-content style_External_806_19\"><div class=\"style\"><p class=\"paragraph_style_7\">Durchf\u00fchrung klinischer Studien und Vortragst\u00e4tigkeit mit Schwerpunkt Sto\u00dfwellentherapie<\/p><\/div><\/div><\/div><div id=\"id23\" class=\"style_SkipStroke_1 shape-with-text\"><div class=\"text-content style_External_395_20\"><div class=\"style\"><p class=\"paragraph_style_7\">Erwerb internationales Diplom sowie Fachkunde Sto\u00dfwellentherapie<\/p><p>2016 Facharztdiplom f\u00fcr Ortop\u00e4die u. Traumatologie<\/p><\/div><\/div><\/div>\t\t\t\t\t<\/div>\n\t\t\t\t\t\t<\/div>\n\t\t\t\t<\/div>\n\t\t\t\t<div class=\"elementor-element elementor-element-1ca684e elementor-widget elementor-widget-image\" data-id=\"1ca684e\" data-element_type=\"widget\" data-widget_type=\"image.default\">\n\t\t\t\t<div class=\"elementor-widget-container\">\n\t\t\t\t\t\t\t\t<div class=\"elementor-image\">\n\t\t\t\t\t\t\t\t\t\t\t\t\t<a href=\"https:\/\/www.xn--stosswellenzentrum-niedersterreich-znd.at\/wp-content\/uploads\/2019\/06\/Certificate_Dr.Braun_.jpg\" data-elementor-open-lightbox=\"yes\" data-elementor-lightbox-title=\"Certificate_Dr.Braun\">\n\t\t\t\t\t\t\t<img loading=\"lazy\" decoding=\"async\" width=\"768\" height=\"390\" src=\"https:\/\/www.xn--stosswellenzentrum-niedersterreich-znd.at\/wp-content\/uploads\/2019\/06\/Certificate_Dr.Braun_-768x390.jpg\" class=\"elementor-animation-grow attachment-medium_large size-medium_large\" alt=\"\" srcset=\"https:\/\/www.xn--stosswellenzentrum-niedersterreich-znd.at\/wp-content\/uploads\/2019\/06\/Certificate_Dr.Braun_-768x390.jpg 768w, https:\/\/www.xn--stosswellenzentrum-niedersterreich-znd.at\/wp-content\/uploads\/2019\/06\/Certificate_Dr.Braun_-300x152.jpg 300w, https:\/\/www.xn--stosswellenzentrum-niedersterreich-znd.at\/wp-content\/uploads\/2019\/06\/Certificate_Dr.Braun_-1024x520.jpg 1024w, https:\/\/www.xn--stosswellenzentrum-niedersterreich-znd.at\/wp-content\/uploads\/2019\/06\/Certificate_Dr.Braun_.jpg 1474w\" sizes=\"auto, (max-width: 768px) 100vw, 768px\" \/>\t\t\t\t\t\t\t\t<\/a>\n\t\t\t\t\t\t\t\t\t\t\t\t\t\t<\/div>\n\t\t\t\t\t\t<\/div>\n\t\t\t\t<\/div>\n\t\t\t\t\t\t<\/div>\n\t\t\t\t\t<\/div>\n\t\t<\/div>\n\t\t\t\t\t\t\t\t<\/div>\n\t\t\t\t\t<\/div>\n\t\t<\/section>\n\t\t\t\t<section class=\"elementor-section elementor-inner-section elementor-element elementor-element-ba333e3 elementor-section-full_width elementor-section-height-min-height elementor-section-content-middle elementor-section-height-default\" data-id=\"ba333e3\" data-element_type=\"section\">\n\t\t\t\t\t\t<div class=\"elementor-container elementor-column-gap-no\">\n\t\t\t\t\t\t\t<div class=\"elementor-row\">\n\t\t\t\t\t<div class=\"elementor-column elementor-col-33 elementor-inner-column elementor-element elementor-element-873dcb6\" data-id=\"873dcb6\" data-element_type=\"column\">\n\t\t\t<div class=\"elementor-column-wrap\">\n\t\t\t\t\t\t\t<div class=\"elementor-widget-wrap\">\n\t\t\t\t\t\t\t\t<\/div>\n\t\t\t\t\t<\/div>\n\t\t<\/div>\n\t\t\t\t<div class=\"elementor-column elementor-col-33 elementor-inner-column elementor-element elementor-element-733ea0a\" data-id=\"733ea0a\" data-element_type=\"column\">\n\t\t\t<div class=\"elementor-column-wrap elementor-element-populated\">\n\t\t\t\t\t\t\t<div class=\"elementor-widget-wrap\">\n\t\t\t\t\t\t<div class=\"elementor-element elementor-element-b6d198b elementor-widget elementor-widget-image\" data-id=\"b6d198b\" data-element_type=\"widget\" data-widget_type=\"image.default\">\n\t\t\t\t<div class=\"elementor-widget-container\">\n\t\t\t\t\t\t\t\t<div class=\"elementor-image\">\n\t\t\t\t\t\t\t\t\t\t\t\t<img loading=\"lazy\" decoding=\"async\" width=\"768\" height=\"960\" src=\"https:\/\/www.xn--stosswellenzentrum-niedersterreich-znd.at\/wp-content\/uploads\/2019\/05\/DrEva_Steind_Wl-768x960.jpg\" class=\"attachment-medium_large size-medium_large\" alt=\"\" srcset=\"https:\/\/www.xn--stosswellenzentrum-niedersterreich-znd.at\/wp-content\/uploads\/2019\/05\/DrEva_Steind_Wl-768x960.jpg 768w, https:\/\/www.xn--stosswellenzentrum-niedersterreich-znd.at\/wp-content\/uploads\/2019\/05\/DrEva_Steind_Wl-240x300.jpg 240w, https:\/\/www.xn--stosswellenzentrum-niedersterreich-znd.at\/wp-content\/uploads\/2019\/05\/DrEva_Steind_Wl-819x1024.jpg 819w, https:\/\/www.xn--stosswellenzentrum-niedersterreich-znd.at\/wp-content\/uploads\/2019\/05\/DrEva_Steind_Wl.jpg 1178w\" sizes=\"auto, (max-width: 768px) 100vw, 768px\" \/>\t\t\t\t\t\t\t\t\t\t\t\t\t\t<\/div>\n\t\t\t\t\t\t<\/div>\n\t\t\t\t<\/div>\n\t\t\t\t\t\t<\/div>\n\t\t\t\t\t<\/div>\n\t\t<\/div>\n\t\t\t\t<div class=\"elementor-column elementor-col-33 elementor-inner-column elementor-element elementor-element-153123b\" data-id=\"153123b\" data-element_type=\"column\">\n\t\t\t<div class=\"elementor-column-wrap elementor-element-populated\">\n\t\t\t\t\t\t\t<div class=\"elementor-widget-wrap\">\n\t\t\t\t\t\t<div class=\"elementor-element elementor-element-b9528b9 elementor-widget elementor-widget-heading\" data-id=\"b9528b9\" data-element_type=\"widget\" data-widget_type=\"heading.default\">\n\t\t\t\t<div class=\"elementor-widget-container\">\n\t\t\t<h2 class=\"elementor-heading-title elementor-size-large\">Dr. Eva Maria Steindl<\/h2>\t\t<\/div>\n\t\t\t\t<\/div>\n\t\t\t\t<div class=\"elementor-element elementor-element-4521651 elementor-widget elementor-widget-text-editor\" data-id=\"4521651\" data-element_type=\"widget\" data-widget_type=\"text-editor.default\">\n\t\t\t\t<div class=\"elementor-widget-container\">\n\t\t\t\t\t\t\t\t<div class=\"elementor-text-editor elementor-clearfix\">\n\t\t\t\t\t<p>2001-2007 Studium an der Medizinischen Universit\u00e4t Wien<\/p><p>2007-2008 Lehrpraxis f\u00fcr Orthop\u00e4die (1010 Wien)<\/p><p>2008-2010 Ausbildung zur \u00c4rztin f\u00fcr Allgemeinmedizin (UK St. P\u00f6lten, LK Amstetten)<\/p><p>2011-2018 Facharztausbildung an der orthop\u00e4dischen Abteilung LK Amstetten und<br \/>Orthop\u00e4disches Spital Speising (Gegenf\u00e4cher im LK Amstetten und LK Scheibbs)<\/p><p>seit 10\/2018 Ober\u00e4rztin am Department f\u00fcr Unfallchirurgie im LK Waidhofen\/Ybbs<\/p>\t\t\t\t\t<\/div>\n\t\t\t\t\t\t<\/div>\n\t\t\t\t<\/div>\n\t\t\t\t\t\t<\/div>\n\t\t\t\t\t<\/div>\n\t\t<\/div>\n\t\t\t\t\t\t\t\t<\/div>\n\t\t\t\t\t<\/div>\n\t\t<\/section>\n\t\t\t\t<section class=\"elementor-section elementor-inner-section elementor-element elementor-element-f5a5f8f elementor-reverse-mobile elementor-section-full_width elementor-section-height-min-height elementor-section-content-middle elementor-section-height-default\" data-id=\"f5a5f8f\" data-element_type=\"section\">\n\t\t\t\t\t\t<div class=\"elementor-container elementor-column-gap-default\">\n\t\t\t\t\t\t\t<div class=\"elementor-row\">\n\t\t\t\t\t<div class=\"elementor-column elementor-col-50 elementor-inner-column elementor-element elementor-element-a50b3bc\" data-id=\"a50b3bc\" data-element_type=\"column\">\n\t\t\t<div class=\"elementor-column-wrap elementor-element-populated\">\n\t\t\t\t\t\t\t<div class=\"elementor-widget-wrap\">\n\t\t\t\t\t\t<div class=\"elementor-element elementor-element-9afbef3 elementor-widget elementor-widget-image\" data-id=\"9afbef3\" data-element_type=\"widget\" data-widget_type=\"image.default\">\n\t\t\t\t<div class=\"elementor-widget-container\">\n\t\t\t\t\t\t\t\t<div class=\"elementor-image\">\n\t\t\t\t\t\t\t\t\t\t\t\t<img loading=\"lazy\" decoding=\"async\" width=\"768\" height=\"960\" src=\"https:\/\/www.xn--stosswellenzentrum-niedersterreich-znd.at\/wp-content\/uploads\/2019\/05\/Dr.Ingemar_Teufel_W-768x960.jpg\" class=\"attachment-medium_large size-medium_large\" alt=\"\" srcset=\"https:\/\/www.xn--stosswellenzentrum-niedersterreich-znd.at\/wp-content\/uploads\/2019\/05\/Dr.Ingemar_Teufel_W-768x960.jpg 768w, https:\/\/www.xn--stosswellenzentrum-niedersterreich-znd.at\/wp-content\/uploads\/2019\/05\/Dr.Ingemar_Teufel_W-240x300.jpg 240w, https:\/\/www.xn--stosswellenzentrum-niedersterreich-znd.at\/wp-content\/uploads\/2019\/05\/Dr.Ingemar_Teufel_W-819x1024.jpg 819w, https:\/\/www.xn--stosswellenzentrum-niedersterreich-znd.at\/wp-content\/uploads\/2019\/05\/Dr.Ingemar_Teufel_W.jpg 1552w\" sizes=\"auto, (max-width: 768px) 100vw, 768px\" \/>\t\t\t\t\t\t\t\t\t\t\t\t\t\t<\/div>\n\t\t\t\t\t\t<\/div>\n\t\t\t\t<\/div>\n\t\t\t\t\t\t<\/div>\n\t\t\t\t\t<\/div>\n\t\t<\/div>\n\t\t\t\t<div class=\"elementor-column elementor-col-50 elementor-inner-column elementor-element elementor-element-cfa6758\" data-id=\"cfa6758\" data-element_type=\"column\">\n\t\t\t<div class=\"elementor-column-wrap elementor-element-populated\">\n\t\t\t\t\t\t\t<div class=\"elementor-widget-wrap\">\n\t\t\t\t\t\t<div class=\"elementor-element elementor-element-53f29d1 elementor-widget elementor-widget-heading\" data-id=\"53f29d1\" data-element_type=\"widget\" data-widget_type=\"heading.default\">\n\t\t\t\t<div class=\"elementor-widget-container\">\n\t\t\t<h3 class=\"elementor-heading-title elementor-size-large\">Dr. Ingomar Teufel<\/h3>\t\t<\/div>\n\t\t\t\t<\/div>\n\t\t\t\t<div class=\"elementor-element elementor-element-6e7f403 elementor-widget elementor-widget-text-editor\" data-id=\"6e7f403\" data-element_type=\"widget\" data-widget_type=\"text-editor.default\">\n\t\t\t\t<div class=\"elementor-widget-container\">\n\t\t\t\t\t\t\t\t<div class=\"elementor-text-editor elementor-clearfix\">\n\t\t\t\t\t<p>1995-2001 Medizinstudium an der medizinischen Fakult\u00e4t der Universit\u00e4t Wien<\/p><p>2002- 2005\u00a0Turnus im Heeresspital Wien und KH Scheibbs<\/p><p>2005 Arzt f\u00fcr Allgemeinmedizin und Notarztdekret<\/p><p>2005-2011 Ausbildung zum Facharzt f\u00fcr Unfallchirurgie in den Krankenh\u00e4usern Scheibbs, Amstetten und St. P\u00f6lten mit anfangs auch not\u00e4rztlicher T\u00e4tigkeit<\/p><p>2011-2017 Oberarzt an der unfallchirurgischen Abteilung des LK Amstetten langj\u00e4hrige Mitarbeit in den Spezialambulanzen f\u00fcr Schulter- und Kniechirurgie und Sto\u00dfwellentherapie, Schwerpunkt arthroskopische Chirurgie<\/p><p>2017-2018 angestellt an der orthop\u00e4dischen Abteilung im LK Amstetten als Facharzt f\u00fcr Unfallchirurgie in der Ausbildung zum Facharzt f\u00fcr Orthop\u00e4die und Traumatologie<\/p><p>seit 5\/2018 Oberarzt an der unfallchirurgischen Abteilung des LK Amstetten (Facharzt f\u00fcr Unfallchirurgie, Facharzt f\u00fcr Orthop\u00e4die und Traumatologie) &#8211; Schwerpunkt Schulter- und Kniechirurgie<\/p>\t\t\t\t\t<\/div>\n\t\t\t\t\t\t<\/div>\n\t\t\t\t<\/div>\n\t\t\t\t\t\t<\/div>\n\t\t\t\t\t<\/div>\n\t\t<\/div>\n\t\t\t\t\t\t\t\t<\/div>\n\t\t\t\t\t<\/div>\n\t\t<\/section>\n\t\t\t\t\t\t<\/div>\n\t\t\t\t\t<\/div>\n\t\t<\/div>\n\t\t\t\t\t\t\t\t<\/div>\n\t\t\t\t\t<\/div>\n\t\t<\/section>\n\t\t\t\t<section class=\"elementor-section elementor-top-section elementor-element elementor-element-3c9a83b elementor-section-boxed elementor-section-height-default elementor-section-height-default\" data-id=\"3c9a83b\" data-element_type=\"section\">\n\t\t\t\t\t\t<div class=\"elementor-container elementor-column-gap-default\">\n\t\t\t\t\t\t\t<div class=\"elementor-row\">\n\t\t\t\t\t<div class=\"elementor-column elementor-col-100 elementor-top-column elementor-element elementor-element-30d0f5a\" data-id=\"30d0f5a\" data-element_type=\"column\">\n\t\t\t<div class=\"elementor-column-wrap elementor-element-populated\">\n\t\t\t\t\t\t\t<div class=\"elementor-widget-wrap\">\n\t\t\t\t\t\t<div class=\"elementor-element elementor-element-cd308ac elementor-widget elementor-widget-spacer\" data-id=\"cd308ac\" data-element_type=\"widget\" data-widget_type=\"spacer.default\">\n\t\t\t\t<div class=\"elementor-widget-container\">\n\t\t\t\t\t<div class=\"elementor-spacer\">\n\t\t\t<div class=\"elementor-spacer-inner\"><\/div>\n\t\t<\/div>\n\t\t\t\t<\/div>\n\t\t\t\t<\/div>\n\t\t\t\t\t\t<\/div>\n\t\t\t\t\t<\/div>\n\t\t<\/div>\n\t\t\t\t\t\t\t\t<\/div>\n\t\t\t\t\t<\/div>\n\t\t<\/section>\n\t\t\t\t\t\t<\/div>\n\t\t\t\t\t\t<\/div>\n\t\t\t\t\t<\/div>\n\t\t","protected":false},"excerpt":{"rendered":"<p>Team Dr. Markus Braun Geb. 31.8.1969 in Ybbs an der Donau 1975-1979\u00a0\u00a0 Volksschule Marbach an der Donau 1979-1983\u00a0\u00a0 Hauptschule P\u00f6chlarn 1983-1984\u00a0\u00a0 Polytechnikum P\u00f6chlarn 1984-1988\u00a0\u00a0 Krankenpflegeschule AKH-Wien 1988-1994\u00a0 \u00a0Diplomierter Krankenpfleger\u00a0Intensivstation\u00a0IV-Med AKH Wien 1990-1994\u00a0\u00a0 Abendlehrgang Maturaschule Humboldt 1994-2000\u00a0\u00a0 Medizinstudium Universit\u00e4t Wien 2000-2001\u00a0\u00a0 Turnusarztausbildung KH Amstetten 2001-2007 \u00a0 Facharztausbildung Unfallchirurgie KH Amstetten 2007-2015 \u00a0 Oberarzt an der Unfallchirurgie [&hellip;]<\/p>\n","protected":false},"author":3,"featured_media":0,"parent":0,"menu_order":0,"comment_status":"closed","ping_status":"closed","template":"","meta":{"footnotes":""},"class_list":["post-34","page","type-page","status-publish","hentry","entry"],"_links":{"self":[{"href":"https:\/\/www.xn--stosswellenzentrum-niedersterreich-znd.at\/index.php?rest_route=\/wp\/v2\/pages\/34","targetHints":{"allow":["GET"]}}],"collection":[{"href":"https:\/\/www.xn--stosswellenzentrum-niedersterreich-znd.at\/index.php?rest_route=\/wp\/v2\/pages"}],"about":[{"href":"https:\/\/www.xn--stosswellenzentrum-niedersterreich-znd.at\/index.php?rest_route=\/wp\/v2\/types\/page"}],"author":[{"embeddable":true,"href":"https:\/\/www.xn--stosswellenzentrum-niedersterreich-znd.at\/index.php?rest_route=\/wp\/v2\/users\/3"}],"replies":[{"embeddable":true,"href":"https:\/\/www.xn--stosswellenzentrum-niedersterreich-znd.at\/index.php?rest_route=%2Fwp%2Fv2%2Fcomments&post=34"}],"version-history":[{"count":145,"href":"https:\/\/www.xn--stosswellenzentrum-niedersterreich-znd.at\/index.php?rest_route=\/wp\/v2\/pages\/34\/revisions"}],"predecessor-version":[{"id":1867,"href":"https:\/\/www.xn--stosswellenzentrum-niedersterreich-znd.at\/index.php?rest_route=\/wp\/v2\/pages\/34\/revisions\/1867"}],"wp:attachment":[{"href":"https:\/\/www.xn--stosswellenzentrum-niedersterreich-znd.at\/index.php?rest_route=%2Fwp%2Fv2%2Fmedia&parent=34"}],"curies":[{"name":"wp","href":"https:\/\/api.w.org\/{rel}","templated":true}]}}